{"id":192,"date":"2022-10-13T16:40:05","date_gmt":"2022-10-13T14:40:05","guid":{"rendered":"http:\/\/koet.it\/index.php\/about\/"},"modified":"2023-11-24T19:08:26","modified_gmt":"2023-11-24T18:08:26","slug":"about","status":"publish","type":"page","link":"https:\/\/koet.it\/index.php\/about\/","title":{"rendered":"About"},"content":{"rendered":"\t\t<div data-elementor-type=\"wp-page\" data-elementor-id=\"192\" class=\"elementor elementor-192\" data-elementor-post-type=\"page\">\n\t\t\t\t\t\t\t\t\t<section class=\"elementor-section elementor-top-section elementor-element elementor-element-4fbc1423 elementor-section-content-middle elementor-section-full_width elementor-section-height-default elementor-section-height-default\" data-id=\"4fbc1423\" data-element_type=\"section\">\n\t\t\t\t\t\t<div class=\"elementor-container elementor-column-gap-no\">\n\t\t\t\t\t<div class=\"elementor-column elementor-col-100 elementor-top-column elementor-element elementor-element-78960387\" data-id=\"78960387\" data-element_type=\"column\" data-settings=\"{&quot;background_background&quot;:&quot;classic&quot;}\">\n\t\t\t<div class=\"elementor-widget-wrap elementor-element-populated\">\n\t\t\t\t\t\t\t\t<div class=\"elementor-element elementor-element-4b3d8ca7 elementor-widget elementor-widget-image\" data-id=\"4b3d8ca7\" data-element_type=\"widget\" data-widget_type=\"image.default\">\n\t\t\t\t<div class=\"elementor-widget-container\">\n\t\t\t<style>\/*! elementor - v3.16.0 - 17-10-2023 *\/\n.elementor-widget-image{text-align:center}.elementor-widget-image a{display:inline-block}.elementor-widget-image a img[src$=\".svg\"]{width:48px}.elementor-widget-image img{vertical-align:middle;display:inline-block}<\/style>\t\t\t\t\t\t\t\t\t\t\t\t<img loading=\"lazy\" decoding=\"async\" width=\"2560\" height=\"2560\" src=\"https:\/\/koet.it\/wp-content\/uploads\/2022\/03\/IMG_7769-scaled.webp\" class=\"attachment-full size-full wp-image-64\" alt=\"\" srcset=\"https:\/\/koet.it\/wp-content\/uploads\/2022\/03\/IMG_7769-scaled.webp 2560w, https:\/\/koet.it\/wp-content\/uploads\/2022\/03\/IMG_7769-300x300.webp 300w, https:\/\/koet.it\/wp-content\/uploads\/2022\/03\/IMG_7769-scaled-100x100.webp 100w, https:\/\/koet.it\/wp-content\/uploads\/2022\/03\/IMG_7769-scaled-600x600.webp 600w, https:\/\/koet.it\/wp-content\/uploads\/2022\/03\/IMG_7769-1024x1024.webp 1024w, https:\/\/koet.it\/wp-content\/uploads\/2022\/03\/IMG_7769-150x150.webp 150w, https:\/\/koet.it\/wp-content\/uploads\/2022\/03\/IMG_7769-768x768.webp 768w, https:\/\/koet.it\/wp-content\/uploads\/2022\/03\/IMG_7769-1536x1536.webp 1536w, https:\/\/koet.it\/wp-content\/uploads\/2022\/03\/IMG_7769-2048x2048.webp 2048w\" sizes=\"auto, (max-width: 2560px) 100vw, 2560px\" \/>\t\t\t\t\t\t\t\t\t\t\t\t\t\t\t<\/div>\n\t\t\t\t<\/div>\n\t\t\t\t<section class=\"elementor-section elementor-inner-section elementor-element elementor-element-7c032079 elementor-section-boxed elementor-section-height-default elementor-section-height-default\" data-id=\"7c032079\" data-element_type=\"section\">\n\t\t\t\t\t\t<div class=\"elementor-container elementor-column-gap-default\">\n\t\t\t\t\t<div class=\"elementor-column elementor-col-100 elementor-inner-column elementor-element elementor-element-4eb39bb\" data-id=\"4eb39bb\" data-element_type=\"column\">\n\t\t\t<div class=\"elementor-widget-wrap elementor-element-populated\">\n\t\t\t\t\t\t\t\t<div class=\"elementor-element elementor-element-9c4025d elementor-widget elementor-widget-heading\" data-id=\"9c4025d\" data-element_type=\"widget\" data-widget_type=\"heading.default\">\n\t\t\t\t<div class=\"elementor-widget-container\">\n\t\t\t<style>\/*! elementor - v3.16.0 - 17-10-2023 *\/\n.elementor-heading-title{padding:0;margin:0;line-height:1}.elementor-widget-heading .elementor-heading-title[class*=elementor-size-]>a{color:inherit;font-size:inherit;line-height:inherit}.elementor-widget-heading .elementor-heading-title.elementor-size-small{font-size:15px}.elementor-widget-heading .elementor-heading-title.elementor-size-medium{font-size:19px}.elementor-widget-heading .elementor-heading-title.elementor-size-large{font-size:29px}.elementor-widget-heading .elementor-heading-title.elementor-size-xl{font-size:39px}.elementor-widget-heading .elementor-heading-title.elementor-size-xxl{font-size:59px}<\/style><h2 class=\"elementor-heading-title elementor-size-default\">ABOUT ME<\/h2>\t\t<\/div>\n\t\t\t\t<\/div>\n\t\t\t\t\t<\/div>\n\t\t<\/div>\n\t\t\t\t\t\t\t<\/div>\n\t\t<\/section>\n\t\t\t\t<section class=\"elementor-section elementor-inner-section elementor-element elementor-element-e91bc1f elementor-section-boxed elementor-section-height-default elementor-section-height-default\" data-id=\"e91bc1f\" data-element_type=\"section\">\n\t\t\t\t\t\t<div class=\"elementor-container elementor-column-gap-default\">\n\t\t\t\t\t<div class=\"elementor-column elementor-col-50 elementor-inner-column elementor-element elementor-element-7acead8\" data-id=\"7acead8\" data-element_type=\"column\">\n\t\t\t<div class=\"elementor-widget-wrap elementor-element-populated\">\n\t\t\t\t\t\t\t\t<div class=\"elementor-element elementor-element-0770752 elementor-widget elementor-widget-text-editor\" data-id=\"0770752\" data-element_type=\"widget\" data-widget_type=\"text-editor.default\">\n\t\t\t\t<div class=\"elementor-widget-container\">\n\t\t\t<style>\/*! elementor - v3.16.0 - 17-10-2023 *\/\n.elementor-widget-text-editor.elementor-drop-cap-view-stacked .elementor-drop-cap{background-color:#69727d;color:#fff}.elementor-widget-text-editor.elementor-drop-cap-view-framed .elementor-drop-cap{color:#69727d;border:3px solid;background-color:transparent}.elementor-widget-text-editor:not(.elementor-drop-cap-view-default) .elementor-drop-cap{margin-top:8px}.elementor-widget-text-editor:not(.elementor-drop-cap-view-default) .elementor-drop-cap-letter{width:1em;height:1em}.elementor-widget-text-editor .elementor-drop-cap{float:left;text-align:center;line-height:1;font-size:50px}.elementor-widget-text-editor .elementor-drop-cap-letter{display:inline-block}<\/style>\t\t\t\t<p class=\"p1\">Una filosofia basata sull\u2019unicit\u00e0 e sulla creativit\u00e0.<\/p><p class=\"p1\">Crediamo fermamente che ogni persona debba avere la possibilit\u00e0 di esprimere la propria <strong>personalit\u00e0<\/strong> attraverso i propri capi e le proprie scarpe. Per realizzare questo obiettivo, Koet si concentra sulla creazione di <strong>prodotti unici<\/strong>, che siano allo stesso tempo accattivanti e di <strong>alta qualit\u00e0<\/strong>. La creativit\u00e0<span class=\"Apple-converted-space\">\u00a0 <\/span>&#8211; piuttosto che la tecnica cruda &#8211; \u00e8 al centro di ogni progetto, in modo da poter dare vita a creazioni sorprendenti che possano riflettere la personalit\u00e0 e il gusto di ogni individuo. Lavoriamo con passione per creare capi e scarpe che possano essere indossati con orgoglio e che possano diventare <strong>un&#8217;espressione personale di stile<\/strong>.<\/p><p>\u00a0<\/p><p class=\"p1\">Il progetto Koet nasceva all&#8217;interno del garage di casa nel 2021, dalla forte passione per la moda del fondatore Matteo e la sua spiccata attenzione allo stile personale, che l\u2019ha spinto quasi per gioco a personalizzare i propri capi con il suo tocco unico.<\/p><p class=\"p1\">Incoraggiato dall&#8217;entusiasmo genuino che suscitava in chi vedesse le sue creazioni e ai crescenti feedback positivi, ha iniziato a trasformare la sua <strong>passione<\/strong> in un vero e proprio <strong>business<\/strong>.<\/p><p class=\"p1\">Con il passare del tempo, Koet \u00e8 cresciuto e si \u00e8 evoluto in un&#8217;azienda che offre una vasta gamma di capi e scarpe personalizzati, che permettono a ogni persona di esprimere la propria personalit\u00e0 e il <strong>proprio gusto.<\/strong><\/p><p class=\"p1\">\u00a0<\/p>\t\t\t\t\t\t<\/div>\n\t\t\t\t<\/div>\n\t\t\t\t\t<\/div>\n\t\t<\/div>\n\t\t\t\t<div class=\"elementor-column elementor-col-50 elementor-inner-column elementor-element elementor-element-3379f69\" data-id=\"3379f69\" data-element_type=\"column\">\n\t\t\t<div class=\"elementor-widget-wrap elementor-element-populated\">\n\t\t\t\t\t\t\t\t<div class=\"elementor-element elementor-element-38ce481 elementor-widget elementor-widget-text-editor\" data-id=\"38ce481\" data-element_type=\"widget\" data-widget_type=\"text-editor.default\">\n\t\t\t\t<div class=\"elementor-widget-container\">\n\t\t\t\t\t\t\t<p>La nostra filosofia parte dalla personalit\u00e0 di <strong>Koet<\/strong>, che ama trovare il <strong>tocco personale<\/strong> in ogni soggetto per creare opere uniche e personalizzate che riflettano i gusti e le personalit\u00e0 dei propri clienti. Per questo, il designer parla con ogni cliente per capirne i gusti e trovare la giusta combinazione per creare la personalizzazione in stile Koet pi\u00f9 adatta. Il nostro obiettivo \u00e8 quello di <strong>trasformare ogni oggetto in un&#8217;opera d&#8217;arte<\/strong>, rendendo cos\u00ec ogni progetto unico e irripetibile. Lo slogan <strong>&#8220;<i>make art<\/i>&#8220;<\/strong> pu\u00f2 essere interpretato sia come il fatto che il designer crea arte, ma anche che tu, come cliente, crei l&#8217;arte con il tuo gusto, diventando cos\u00ec tu stesso un trendsetter.<\/p><p>Il mercato delle sneakers \u00e8 diventato molto competitivo negli ultimi anni, con l\u2019invasione del fenomeno del resell e in generale con l\u2019esplosione del fenomeno dello streetwear. Questa disponibilit\u00e0 ha per\u00f2 portato ad una progressiva \u201cperdita\u201d della rarit\u00e0 delle scarpe stesse. Koet riconosce l&#8217;importanza dell&#8217;unicit\u00e0 e si concentra sulla creazione di <strong>prodotti che siano veramente unici e che non siano disponibili<\/strong> in modo massivo <strong>sul mercato<\/strong>. In questo modo, Koet offre ai suoi clienti la possibilit\u00e0 di possedere scarpe o capi di moda che siano veramente unici e che riflettano la loro personalit\u00e0 e il loro gusto.<\/p>\t\t\t\t\t\t<\/div>\n\t\t\t\t<\/div>\n\t\t\t\t\t<\/div>\n\t\t<\/div>\n\t\t\t\t\t\t\t<\/div>\n\t\t<\/section>\n\t\t\t\t<section class=\"elementor-section elementor-inner-section elementor-element elementor-element-99bf5da elementor-section-boxed elementor-section-height-default elementor-section-height-default\" data-id=\"99bf5da\" data-element_type=\"section\">\n\t\t\t\t\t\t<div class=\"elementor-container elementor-column-gap-default\">\n\t\t\t\t\t<div class=\"elementor-column elementor-col-100 elementor-inner-column elementor-element elementor-element-8d7eb88\" data-id=\"8d7eb88\" data-element_type=\"column\">\n\t\t\t<div class=\"elementor-widget-wrap elementor-element-populated\">\n\t\t\t\t\t\t\t\t<div class=\"elementor-element elementor-element-608bd89 elementor-widget elementor-widget-heading\" data-id=\"608bd89\" data-element_type=\"widget\" data-widget_type=\"heading.default\">\n\t\t\t\t<div class=\"elementor-widget-container\">\n\t\t\t<h4 class=\"elementor-heading-title elementor-size-default\">per qualsiasi progetto rivolgersi a <\/h4>\t\t<\/div>\n\t\t\t\t<\/div>\n\t\t\t\t<div class=\"elementor-element elementor-element-33b02a8 elementor-widget elementor-widget-heading\" data-id=\"33b02a8\" data-element_type=\"widget\" data-widget_type=\"heading.default\">\n\t\t\t\t<div class=\"elementor-widget-container\">\n\t\t\t<h4 class=\"elementor-heading-title elementor-size-default\"><a href=\"mailto:koet.OFFICIAL@GMAIL.COM\">koet.OFFICIAL@GMAIL.COM<\/a><\/h4>\t\t<\/div>\n\t\t\t\t<\/div>\n\t\t\t\t\t<\/div>\n\t\t<\/div>\n\t\t\t\t\t\t\t<\/div>\n\t\t<\/section>\n\t\t\t\t<section class=\"elementor-section elementor-inner-section elementor-element elementor-element-7ecb70a elementor-section-boxed elementor-section-height-default elementor-section-height-default\" data-id=\"7ecb70a\" data-element_type=\"section\">\n\t\t\t\t\t\t<div class=\"elementor-container elementor-column-gap-default\">\n\t\t\t\t\t<div class=\"elementor-column elementor-col-100 elementor-inner-column elementor-element elementor-element-5fb51e3\" data-id=\"5fb51e3\" data-element_type=\"column\">\n\t\t\t<div class=\"elementor-widget-wrap elementor-element-populated\">\n\t\t\t\t\t\t\t\t<div class=\"elementor-element elementor-element-2b275a7 elementor-widget elementor-widget-spacer\" data-id=\"2b275a7\" data-element_type=\"widget\" data-widget_type=\"spacer.default\">\n\t\t\t\t<div class=\"elementor-widget-container\">\n\t\t\t<style>\/*! elementor - v3.16.0 - 17-10-2023 *\/\n.elementor-column .elementor-spacer-inner{height:var(--spacer-size)}.e-con{--container-widget-width:100%}.e-con-inner>.elementor-widget-spacer,.e-con>.elementor-widget-spacer{width:var(--container-widget-width,var(--spacer-size));--align-self:var(--container-widget-align-self,initial);--flex-shrink:0}.e-con-inner>.elementor-widget-spacer>.elementor-widget-container,.e-con>.elementor-widget-spacer>.elementor-widget-container{height:100%;width:100%}.e-con-inner>.elementor-widget-spacer>.elementor-widget-container>.elementor-spacer,.e-con>.elementor-widget-spacer>.elementor-widget-container>.elementor-spacer{height:100%}.e-con-inner>.elementor-widget-spacer>.elementor-widget-container>.elementor-spacer>.elementor-spacer-inner,.e-con>.elementor-widget-spacer>.elementor-widget-container>.elementor-spacer>.elementor-spacer-inner{height:var(--container-widget-height,var(--spacer-size))}.e-con-inner>.elementor-widget-spacer.elementor-widget-empty,.e-con>.elementor-widget-spacer.elementor-widget-empty{position:relative;min-height:22px;min-width:22px}.e-con-inner>.elementor-widget-spacer.elementor-widget-empty .elementor-widget-empty-icon,.e-con>.elementor-widget-spacer.elementor-widget-empty .elementor-widget-empty-icon{position:absolute;top:0;bottom:0;left:0;right:0;margin:auto;padding:0;width:22px;height:22px}<\/style>\t\t<div class=\"elementor-spacer\">\n\t\t\t<div class=\"elementor-spacer-inner\"><\/div>\n\t\t<\/div>\n\t\t\t\t<\/div>\n\t\t\t\t<\/div>\n\t\t\t\t\t<\/div>\n\t\t<\/div>\n\t\t\t\t\t\t\t<\/div>\n\t\t<\/section>\n\t\t\t\t\t<\/div>\n\t\t<\/div>\n\t\t\t\t\t\t\t<\/div>\n\t\t<\/section>\n\t\t\t\t\t\t\t<\/div>\n\t\t","protected":false},"excerpt":{"rendered":"<p>ABOUT ME Una filosofia basata sull\u2019unicit\u00e0 e sulla creativit\u00e0. Crediamo fermamente che ogni persona debba avere la possibilit\u00e0 di esprimere la propria personalit\u00e0 attraverso i propri capi e le proprie scarpe. Per realizzare questo obiettivo, Koet si concentra sulla creazione di prodotti unici, che siano allo stesso tempo accattivanti e di alta qualit\u00e0. La creativit\u00e0\u00a0 [&hellip;]<\/p>\n","protected":false},"author":1,"featured_media":198,"parent":0,"menu_order":0,"comment_status":"closed","ping_status":"closed","template":"elementor_header_footer","meta":{"footnotes":""},"class_list":["post-192","page","type-page","status-publish","has-post-thumbnail","hentry"],"_links":{"self":[{"href":"https:\/\/koet.it\/index.php\/wp-json\/wp\/v2\/pages\/192","targetHints":{"allow":["GET"]}}],"collection":[{"href":"https:\/\/koet.it\/index.php\/wp-json\/wp\/v2\/pages"}],"about":[{"href":"https:\/\/koet.it\/index.php\/wp-json\/wp\/v2\/types\/page"}],"author":[{"embeddable":true,"href":"https:\/\/koet.it\/index.php\/wp-json\/wp\/v2\/users\/1"}],"replies":[{"embeddable":true,"href":"https:\/\/koet.it\/index.php\/wp-json\/wp\/v2\/comments?post=192"}],"version-history":[{"count":45,"href":"https:\/\/koet.it\/index.php\/wp-json\/wp\/v2\/pages\/192\/revisions"}],"predecessor-version":[{"id":1327,"href":"https:\/\/koet.it\/index.php\/wp-json\/wp\/v2\/pages\/192\/revisions\/1327"}],"wp:featuredmedia":[{"embeddable":true,"href":"https:\/\/koet.it\/index.php\/wp-json\/wp\/v2\/media\/198"}],"wp:attachment":[{"href":"https:\/\/koet.it\/index.php\/wp-json\/wp\/v2\/media?parent=192"}],"curies":[{"name":"wp","href":"https:\/\/api.w.org\/{rel}","templated":true}]}}